[INFO] cloning repository https://github.com/CarlEkerot/gameboy
[INFO] running `Command { std: "git" "-c" "credential.helper=" "-c" "credential.helper=/workspace/cargo-home/bin/git-credential-null" "clone" "--bare" "https://github.com/CarlEkerot/gameboy" "/workspace/cache/git-repos/https%3A%2F%2Fgithub.com%2FCarlEkerot%2Fgameboy", kill_on_drop: false }`
[INFO] [stderr] Cloning into bare repository '/workspace/cache/git-repos/https%3A%2F%2Fgithub.com%2FCarlEkerot%2Fgameboy'...
[INFO] running `Command { std: "git" "rev-parse" "HEAD", kill_on_drop: false }`
[INFO] [stdout] 9ecfe6624e7199257237b71d47ea9811f0b8fd9d
[INFO] checking CarlEkerot/gameboy against master#cfbc6d4cf1acbac5c025acf8ed68929caa551df3 for pr-75494-beta
[INFO] running `Command { std: "git" "clone" "/workspace/cache/git-repos/https%3A%2F%2Fgithub.com%2FCarlEkerot%2Fgameboy" "/workspace/builds/worker-14/source", kill_on_drop: false }`
[INFO] [stderr] Cloning into '/workspace/builds/worker-14/source'...
[INFO] [stderr] done.
[INFO] validating manifest of git repo https://github.com/CarlEkerot/gameboy on toolchain cfbc6d4cf1acbac5c025acf8ed68929caa551df3
[INFO] running `Command { std: "/workspace/cargo-home/bin/cargo" "+cfbc6d4cf1acbac5c025acf8ed68929caa551df3" "read-manifest" "--manifest-path" "Cargo.toml", kill_on_drop: false }`
[INFO] started tweaking git repo https://github.com/CarlEkerot/gameboy
[INFO] finished tweaking git repo https://github.com/CarlEkerot/gameboy
[INFO] tweaked toml for git repo https://github.com/CarlEkerot/gameboy written to /workspace/builds/worker-14/source/Cargo.toml
[INFO] crate git repo https://github.com/CarlEkerot/gameboy already has a lockfile, it will not be regenerated
[INFO] running `Command { std: "/workspace/cargo-home/bin/cargo" "+cfbc6d4cf1acbac5c025acf8ed68929caa551df3" "fetch" "--locked" "--manifest-path" "Cargo.toml", kill_on_drop: false }`
[INFO] [stderr]  Downloading crates ...
[INFO] [stderr]   Downloaded c_vec v1.3.0
[INFO] running `Command { std: "docker" "create" "-v" "/var/lib/crater-agent-workspace/builds/worker-14/target:/opt/rustwide/target:rw,Z" "-v" "/var/lib/crater-agent-workspace/builds/worker-14/source:/opt/rustwide/workdir:ro,Z" "-v" "/var/lib/crater-agent-workspace/cargo-home:/opt/rustwide/cargo-home:ro,Z" "-v" "/var/lib/crater-agent-workspace/rustup-home:/opt/rustwide/rustup-home:ro,Z" "-e" "SOURCE_DIR=/opt/rustwide/workdir" "-e" "CARGO_TARGET_DIR=/opt/rustwide/target" "-e" "CARGO_HOME=/opt/rustwide/cargo-home" "-e" "RUSTUP_HOME=/opt/rustwide/rustup-home" "-w" "/opt/rustwide/workdir" "-m" "1610612736" "--user" "0:0" "--network" "none" "rustops/crates-build-env@sha256:a636fd89d022f18117e1dc8fb37a0a009933cdbbe082814857f0e2024962d47c" "/opt/rustwide/cargo-home/bin/cargo" "+cfbc6d4cf1acbac5c025acf8ed68929caa551df3" "metadata" "--no-deps" "--format-version=1", kill_on_drop: false }`
[INFO] [stderr] WARNING: Your kernel does not support swap limit capabilities or the cgroup is not mounted. Memory limited without swap.
[INFO] [stdout] 6cc68bfaef6dbeb4bbde0aff8013585c3cfdab8b1688cdaa0254917417035c52
[INFO] running `Command { std: "docker" "start" "-a" "6cc68bfaef6dbeb4bbde0aff8013585c3cfdab8b1688cdaa0254917417035c52", kill_on_drop: false }`
[INFO] running `Command { std: "docker" "inspect" "6cc68bfaef6dbeb4bbde0aff8013585c3cfdab8b1688cdaa0254917417035c52", kill_on_drop: false }`
[INFO] running `Command { std: "docker" "rm" "-f" "6cc68bfaef6dbeb4bbde0aff8013585c3cfdab8b1688cdaa0254917417035c52", kill_on_drop: false }`
[INFO] [stdout] 6cc68bfaef6dbeb4bbde0aff8013585c3cfdab8b1688cdaa0254917417035c52
[INFO] running `Command { std: "docker" "create" "-v" "/var/lib/crater-agent-workspace/builds/worker-14/target:/opt/rustwide/target:rw,Z" "-v" "/var/lib/crater-agent-workspace/builds/worker-14/source:/opt/rustwide/workdir:ro,Z" "-v" "/var/lib/crater-agent-workspace/cargo-home:/opt/rustwide/cargo-home:ro,Z" "-v" "/var/lib/crater-agent-workspace/rustup-home:/opt/rustwide/rustup-home:ro,Z" "-e" "SOURCE_DIR=/opt/rustwide/workdir" "-e" "CARGO_TARGET_DIR=/opt/rustwide/target" "-e" "CARGO_INCREMENTAL=0" "-e" "RUST_BACKTRACE=full" "-e" "RUSTFLAGS=--cap-lints=forbid" "-e" "CARGO_HOME=/opt/rustwide/cargo-home" "-e" "RUSTUP_HOME=/opt/rustwide/rustup-home" "-w" "/opt/rustwide/workdir" "-m" "1610612736" "--user" "0:0" "--network" "none" "rustops/crates-build-env@sha256:a636fd89d022f18117e1dc8fb37a0a009933cdbbe082814857f0e2024962d47c" "/opt/rustwide/cargo-home/bin/cargo" "+cfbc6d4cf1acbac5c025acf8ed68929caa551df3" "check" "--frozen" "--all" "--all-targets" "--message-format=json", kill_on_drop: false }`
[INFO] [stdout] 99448bd7a1ac5af63f1605872350a66ad6a3eda36b70c0b9742e49f03e0aa322
[INFO] [stderr] WARNING: Your kernel does not support swap limit capabilities or the cgroup is not mounted. Memory limited without swap.
[INFO] running `Command { std: "docker" "start" "-a" "99448bd7a1ac5af63f1605872350a66ad6a3eda36b70c0b9742e49f03e0aa322", kill_on_drop: false }`
[INFO] [stderr]     Checking libc v0.2.40
[INFO] [stderr]    Compiling cc v1.0.9
[INFO] [stderr]     Checking num-traits v0.2.2
[INFO] [stderr]    Compiling cfg-if v0.1.2
[INFO] [stderr]     Checking rustc-demangle v0.1.7
[INFO] [stderr]     Checking c_vec v1.3.0
[INFO] [stderr]     Checking bitflags v0.7.0
[INFO] [stderr]    Compiling sdl2-sys v0.31.0
[INFO] [stderr]     Checking rand v0.4.2
[INFO] [stderr]     Checking num-integer v0.1.36
[INFO] [stderr]     Checking num-iter v0.1.35
[INFO] [stderr]    Compiling backtrace-sys v0.1.16
[INFO] [stderr]     Checking num v0.1.42
[INFO] [stderr]     Checking rand v0.3.22
[INFO] [stderr]     Checking sdl2 v0.31.0
[INFO] [stderr]     Checking backtrace v0.3.5
[INFO] [stderr]     Checking error-chain v0.11.0
[INFO] [stderr]     Checking gameboy v0.1.0 (/opt/rustwide/workdir)
[INFO] [stdout] warning: unused import: `cpu::CPU`
[INFO] [stdout]   --> src/timer.rs:71:9
[INFO] [stdout]    |
[INFO] [stdout] 71 |     use cpu::CPU;
[INFO] [stdout]    |         ^^^^^^^^
[INFO] [stdout]    |
[INFO] [stdout]    = note: `#[warn(unused_imports)]` on by default
[INFO] [stdout] 
[INFO] [stdout] 
[INFO] [stdout] warning: unused import: `test_helpers::test_cpu`
[INFO] [stdout]   --> src/timer.rs:72:9
[INFO] [stdout]    |
[INFO] [stdout] 72 |     use test_helpers::test_cpu;
[INFO] [stdout]    |         ^^^^^^^^^^^^^^^^^^^^^^
[INFO] [stdout] 
[INFO] [stdout] 
[INFO] [stdout] error[E0308]: mismatched types
[INFO] [stdout]   --> src/lcd.rs:80:33
[INFO] [stdout]    |
[INFO] [stdout] 80 |         let new_ly = (ly + 1) % LY_MAX;
[INFO] [stdout]    |                                 ^^^^^^ expected `u8`, found `usize`
[INFO] [stdout] 
[INFO] [stdout] 
[INFO] [stdout] error[E0277]: cannot mod `u8` by `usize`
[INFO] [stdout]   --> src/lcd.rs:80:31
[INFO] [stdout]    |
[INFO] [stdout] 80 |         let new_ly = (ly + 1) % LY_MAX;
[INFO] [stdout]    |                               ^ no implementation for `u8 % usize`
[INFO] [stdout]    |
[INFO] [stdout]    = help: the trait `std::ops::Rem<usize>` is not implemented for `u8`
[INFO] [stdout] 
[INFO] [stdout] 
[INFO] [stdout] error: aborting due to 2 previous errors
[INFO] [stdout] 
[INFO] [stdout] 
[INFO] [stdout] Some errors have detailed explanations: E0277, E0308.
[INFO] [stdout] 
[INFO] [stdout] For more information about an error, try `rustc --explain E0277`.
[INFO] [stdout] 
[INFO] [stderr] error: could not compile `gameboy`.
[INFO] [stderr] 
[INFO] [stderr] To learn more, run the command again with --verbose.
[INFO] [stderr] warning: build failed, waiting for other jobs to finish...
[INFO] [stdout] error[E0308]: mismatched types
[INFO] [stdout]   --> src/lcd.rs:80:33
[INFO] [stdout]    |
[INFO] [stdout] 80 |         let new_ly = (ly + 1) % LY_MAX;
[INFO] [stdout]    |                                 ^^^^^^ expected `u8`, found `usize`
[INFO] [stdout] 
[INFO] [stdout] 
[INFO] [stdout] error[E0277]: cannot mod `u8` by `usize`
[INFO] [stdout]   --> src/lcd.rs:80:31
[INFO] [stdout]    |
[INFO] [stdout] 80 |         let new_ly = (ly + 1) % LY_MAX;
[INFO] [stdout]    |                               ^ no implementation for `u8 % usize`
[INFO] [stdout]    |
[INFO] [stdout]    = help: the trait `std::ops::Rem<usize>` is not implemented for `u8`
[INFO] [stdout] 
[INFO] [stdout] 
[INFO] [stdout] error: aborting due to 2 previous errors; 2 warnings emitted
[INFO] [stdout] 
[INFO] [stdout] 
[INFO] [stdout] Some errors have detailed explanations: E0277, E0308.
[INFO] [stdout] 
[INFO] [stdout] For more information about an error, try `rustc --explain E0277`.
[INFO] [stdout] 
[INFO] [stderr] error: build failed
[INFO] running `Command { std: "docker" "inspect" "99448bd7a1ac5af63f1605872350a66ad6a3eda36b70c0b9742e49f03e0aa322", kill_on_drop: false }`
[INFO] running `Command { std: "docker" "rm" "-f" "99448bd7a1ac5af63f1605872350a66ad6a3eda36b70c0b9742e49f03e0aa322", kill_on_drop: false }`
[INFO] [stdout] 99448bd7a1ac5af63f1605872350a66ad6a3eda36b70c0b9742e49f03e0aa322
